ide 6477739?
False
Is 346554 a multiple of 26?
True
Is 219414 a multiple of 582?
True
Is 217577 a multiple of 10?
False
Is 141 a factor of 292610?
False
Is 18 a factor of 10253346?
False
Does 176 divide 725472?
True
Is 673 a factor of 1557855?
False
Is 14 a factor of 91260?
False
Is 5 a factor of 1345590?
True
Does 883 divide 2934997?
False
Does 37 divide 5092310?
True
Does 312 divide 13728?
True
Does 10 divide 926260?
True
Does 27 divide 805410?
True
Is 231 a factor of 361053?
True
Is 23078959 a multiple of 1140?
False
Is 93702 a multiple of 97?
True
Is 337 a factor of 2141635?
True
Is 539 a factor of 1425655?
True
Is 218 a factor of 13758852?
True
Is 73973 a multiple of 154?
False
Is 302736 a multiple of 343?
False
Is 487 a factor of 120776?
True
Does 280 divide 688176?
False
Is 268 a factor of 185188?
True
Is 9 a factor of 89595?
True
Does 16 divide 104635?
False
Is 12105 a multiple of 49?
False
Is 352 a factor of 42944?
True
Does 81 divide 164699?
False
Is 17 a factor of 1651121?
False
Is 12 a factor of 1249572?
True
Is 39 a factor of 1248445?
False
Is 162073 a multiple of 59?
True
Is 3 a factor of 1679562?
True
Is 2641320 a multiple of 115?
True
Does 378 divide 13882487?
False
Is 36 a factor of 46925?
False
Is 27 a factor of 726885?
False
Is 14 a factor of 461146?
True
Is 57536 a multiple of 4?
True
Is 31969 a multiple of 2?
False
Is 31 a factor of 5775202?
False
Is 914648 a multiple of 14?
True
Does 152 divide 77064?
True
Is 26371920 a multiple of 30?
True
Is 281 a factor of 8325187?
True
Is 12 a factor of 167928?
True
Is 125028 a multiple of 2?
True
Does 24 divide 42480?
True
Does 16 divide 2630318?
False
Is 480 a factor of 26880?
True
Does 11 divide 815331?
True
Is 4493644 a multiple of 49?
False
Is 25 a factor of 623625?
True
Does 15 divide 14552070?
True
Is 253 a factor of 1561010?
True
Is 155090 a multiple of 130?
True
Is 17 a factor of 297428?
False
Is 11 a factor of 16866806?
True
Is 263 a factor of 113616?
True
Is 31 a factor of 4238754?
True
Is 5719104 a multiple of 48?
True
Does 205 divide 116161?
False
Is 8 a factor of 120569?
False
Is 77674 a multiple of 46?
False
Does 159 divide 10824457?
False
Is 329 a factor of 1840583?
False
Is 122 a factor of 50264?
True
Is 175819 a multiple of 18?
False
Is 25 a factor of 19802?
False
Is 882590 a multiple of 22?
False
Is 111 a factor of 313677?
False
Is 583632 a multiple of 144?
True
Does 30 divide 2164053?
False
Is 23398 a multiple of 54?
False
Is 465 a factor of 646502?
False
Is 146544 a multiple of 344?
True
Is 13160340 a multiple of 30?
True
Does 5 divide 134220?
True
Does 79 divide 220647?
True
Does 11 divide 38623?
False
Does 27 divide 63666?
True
Is 4124625 a multiple of 647?
True
Is 24 a factor of 1842199?
False
Is 782 a factor of 20061984?
False
Is 10 a factor of 186017?
False
Is 113156 a multiple of 60?
False
Does 12 divide 503916?
True
Does 16 divide 234666?
False
Is 3974800 a multiple of 5?
True
Does 104 divide 5727280?
True
Is 96 a factor of 472800?
True
Does 25 divide 1175728?
False
Is 2418127 a multiple of 15?
False
Is 410 a factor of 1174650?
True
Is 53 a factor of 1794204?
False
Is 39 a factor of 80925?
True
Is 25544940 a multiple of 12?
True
Is 1675 a factor of 8509000?
True
Does 502 divide 2214824?
True
Is 430788 a multiple of 634?
False
Is 21606390 a multiple of 2655?
True
Does 296 divide 4184604?
False
Is 7290 even?
True
Does 66 divide 26739696?
False
Does 53 divide 577647?
True
Is 1138920 a multiple of 8?
True
Is 14 a factor of 698810?
True
Is 7 a factor of 2202657?
False
Is 58 a factor of 333970?
False
Is 10 a factor of 259660?
True
Does 13 divide 7855250?
True
Does 178 divide 333847?
False
Does 475 divide 10643325?
True
Is 27 a factor of 3720519?
True
Is 6256440 a multiple of 360?
True
Does 122 divide 134566?
True
Does 73 divide 277838?
True
Is 362526 a multiple of 23?
True
Is 36 a factor of 1959088?
False
Does 315 divide 1409794?
False
Is 126984 a multiple of 312?
True
Does 22 divide 3370512?
False
Is 1447364 a multiple of 116?
False
Is 5 a factor of 319566?
False
Is 165 a factor of 3112853?
False
Is 9 a factor of 185985?
True
Is 165 a factor of 266591?
False
Does 37 divide 4984210?
False
Does 9 divide 549387?
True
Is 42 a factor of 829957?
False
Is 16595 a multiple of 63?
False
Does 1128 divide 4161192?
True
Is 654151 a multiple of 743?
False
Is 112266 a multiple of 27?
True
Is 427 a factor of 456308?
False
Is 41 a factor of 1791987?
True
Is 964587 a multiple of 154?
False
Is 9784424 a multiple of 1166?
False
Is 739178 a multiple of 22?
True
Is 15229 a multiple of 157?
True
Is 8 a factor of 500656?
True
Is 8 a factor of 862063?
False
Is 6 a factor of 95851?
False
Is 22 a factor of 1138786?
True
Is 134 a factor of 896058?
True
Is 8 a factor of 531777?
False
Is 253 a factor of 147172?
False
Is 18607135 a multiple of 526?
False
Does 17 divide 14275973?
False
Is 205597 a multiple of 223?
False
Is 121 a factor of 484?
True
Does 290 divide 143550?
True
Does 85 divide 31450?
True
Is 14 a factor of 133450?
False
Does 11 divide 1083574?
False
Is 120896 a multiple of 4?
True
Does 40 divide 13121200?
True
Does 18 divide 3653877?
False
Does 67 divide 146709?
False
Is 344 a factor of 812106?
False
Is 3952239 a multiple of 158?
False
Is 16925 a multiple of 369?
False
Is 70 a factor of 488810?
True
Does 14 divide 241052?
True
Is 748823 a multiple of 5?
False
Is 4191250 a multiple of 25?
True
Is 65244 a multiple of 12?
True
Does 3 divide 66718?
False
Is 121683 a multiple of 250?
False
Is 34 a factor of 1433440?
True
Does 28 divide 40881?
False
Is 126 a factor of 27004187?
False
Is 629375 a multiple of 20?
False
Is 191 a factor of 517348?
False
Is 3876403 a multiple of 10?
False
Does 28 divide 41408?
False
Is 617211 a multiple of 2?
False
Is 25 a factor of 4974300?
True
Is 8 a factor of 862639?
False
Is 569232 a multiple of 72?
True
Is 5388750 a multiple of 1125?
True
Is 1998152 a multiple of 52?
True
Is 25 a factor of 1749250?
True
Is 11 a factor of 62513?
True
Does 43 divide 659749?
True
Is 177 a factor of 1995277?
False
Is 14417109 a multiple of 423?
True
Does 72 divide 60133?
False
Is 160 a factor of 13762720?
True
Is 11515400 a multiple of 310?
False
Does 44 divide 5064004?
True
Is 19 a factor of 293835?
True
Does 24 divide 202000?
False
Is 1259 a factor of 10526676?
False
Is 16 a factor of 8663771?
False
Is 4399764 a multiple of 87?
True
Does 25 divide 352075?
True
Does 63 divide 4594590?
True
Does 23 divide 1250850?
False
Is 11796942 a multiple of 541?
False
Does 146 divide 491656?
False
Does 136 divide 1659064?
True
Does 165 divide 1139820?
True
Is 29702 a multiple of 4?
False
Is 68 a factor of 129380?
False
Is 310910 a multiple of 97?
False
Is 125167 a multiple of 62?
False
Does 40 divide 24304?
False
Is 195996 a multiple of 4?
True
Does 115 divide 1801721?
False
Is 65016 a multiple of 18?
True
Does 115 divide 239430?
True
Is 99 a factor of 3347586?
True
Is 41 a factor of 71075?
False
Is 233 a factor of 507008?
True
Is 4524532 a multiple of 29?
False
Is 797 a factor of 6847027?
True
Is 185 a factor of 261711?
False
Is 1096243 a multiple of 23?
False
Does 16 divide 423286?
False
Is 19 a factor of 220348?
False
Is 45 a factor of 1701495?
True
Is 404 a factor of 41674506?
False
Is 43 a factor of 165851?
True
Does 1313 divide 9528441?
True
Is 1239810 a multiple of 390?
True
Is 100 a factor of 16451000?
True
Is 5591376 a multiple of 756?
True
Is 35 a factor of 2561265?
True
Is 42485 a multiple of 145?
True
Does 14 divide 56852?
False
Is 102 a factor of 7089?
False
Does 28 divide 30699?
False
Is 416710 a multiple of 76?
False
Is 163312 a multiple of 100?
False
Does 10 divide 4320?
True
Is 150 a factor of 3452108?
False
Does 14 divide 1839066?
False
Is 2714241 a multiple of 9?
False
Is 37 a factor of 4730103?
False
Is 207 a factor of 6008426?
False
Does 27 divide 93177?
True
Is 453570 a multiple of 78?
True
Is 10 a factor of 250775?
False
Does 107 divide 13161?
True
Is 213796 a multiple of 43?
True
Does 10 divide 76015?
False
Is 22 a factor of 4198216?
True
Is 1308668 a multiple of 21?
False
Does 17 divide 5366552?
False
Is 105616 a multiple of 16?
True
Is 24733562 a multiple of 75?
False
Is 29 a factor of 1403339?
True
Is 576 a factor of 3685991?
False
Is 5 a factor of 3